d?
8
Let j(s) = s**3 + 12*s**2 + 24. Let a be j(-12). What is the greatest common factor of a and 36?
12
Let x = 1 - -1. Suppose -2*n = -5*o + 5, o - x*o - 2*n + 1 = 0. Let u be 3 + (-16)/(2/(-1)). Calculate the greatest common factor of u and o.
1
Suppose 5*s - 3*t = 79, -s + 21 = 4*t - 4. Let w be (6 - -28)/(2/4). What is the greatest common divisor of s and w?
17
Let d be ((1 - 1) + 6)/1. What is the greatest common divisor of 6 and d?
6
Let k(h) = -20*h - 3. Let i be k(-4). Suppose 0 = c - 2 - 0. Suppose -8 = -c*l + 6. Calculate the greatest common divisor of l and i.
7
Suppose -3*o - 8 = x - 13, x + o = 11. What is the highest common factor of 6 and x?
2
Suppose 5 = 2*a - 3*f + 1, 2*a - 4 = -f. Suppose -2*w = a*w - 24. Suppose 3*z + 27 = 2*u, -z + w*z + 42 = 3*u. What is the greatest common divisor of 9 and u?
9
Let p = 3 - 3. Suppose 4*w + 1 + 3 = p. Let i be 2 + (-2 - w)*-15. What is the greatest common factor of 17 and i?
17
Let d = -95 + 106. What is the highest common divisor of 11 and d?
11
Let w = 11 - 5. Suppose -w = 2*i + 2. Let s = i + 8. What is the greatest common divisor of 36 and s?
4
Suppose -2*f + j - 11 = -3, 3*f + 5*j - 1 = 0. Let a be 2/(71/(-24) - f). Suppose -a = -6*t + 2*t. Calculate the greatest common factor of t and 30.
6
Let p be (-4)/8 + 77/2 + 0. Calculate the highest common divisor of p and 380.
38
Suppose 5*m - 135 = -5*v, m - 11 + 2 = 5*v. Calculate the highest common divisor of 36 and m.
12
Let z(s) = -3 + 2*s - 2*s - s. Let f be z(-3). Let j = 2 - f. Calculate the highest common factor of j and 4.
2
Let i be 7*-1*18/(-21). Let l be (i/(-15))/((-2)/10). Suppose -2*m - l*m = -16. Calculate the greatest common divisor of m and 40.
4
Suppose 3 + 77 = v. What is the greatest common divisor of 32 and v?
16
Let i = 381 - 543. Let s be i/(-14) + 3/7. Calculate the highest common factor of s and 12.
12
Suppose 0 = 4*x - 0*x - 48. Let h be x/(-3)*(-6)/(-8). Let p = 6 + h. Calculate the highest common divisor of p and 18.
3
Suppose 4*m + 16 = 4*h, 0 = h + h + 3*m + 17. Let o(c) = 141*c**2 - 2*c. Let r be o(h). Calculate the highest common factor of 13 and r.
13
Let k = 24 + -16. Let n be (32 + (4 - k))/2. Calculate the greatest common factor of n and 14.
14
Let n = -50 + 103. Let g be 1*n + 0 + 2. Suppose 3 = -3*j + 36. Calculate the greatest common divisor of g and j.
11
Let c = -1 + 3. Suppose c*i = k + 17, -21 = -5*i - k + 4. Suppose 0 = -2*j + j + 2. What is the greatest common divisor of j and i?
2
Let w be 0/(3/(3/(-1))). Suppose w = 4*x - 0*x - 224. Suppose 2*h - 6*h + x = 0. What is the highest common factor of h and 56?
14
Suppose -2*j + 4 = 0, -j - 158 = -5*a + 100. Calculate the highest common divisor of 13 and a.
13
Suppose 2*c = -2*c + 16. Suppose -5*t - 6 = 3*g - 1, 2*g + t = 6. Suppose g*h - h = c. Calculate the highest common divisor of h and 7.
1
Let m(x) = 4*x**2 - x. Let d be m(1). Let p(n) = -n**3 + 7*n**2 + 6. Let b be p(7). Calculate the highest common divisor of d and b.
3
Let w(k) = -k**3 - 2*k**2 - 2*k - 2. Suppose -2*u - 16 = u + 5*l, 4*l + 6 = u. Let q be w(u). Let y = -22 - -44. What is the greatest common divisor of y and q?
2
Suppose -2*q - 25 = -5*j, 3*q + 0*q = -3*j - 6. Suppose -5*y + 52 = -j*f, -6*y + 2*f = -y - 48. What is the highest common factor of y and 12?
4
Suppose -3*i + 161 = l - 40, -2*l = -i - 381. Calculate the greatest common divisor of 24 and l.
24
Let c(d) = d**2 + 5*d - 9. Let p be c(-7). Let r(b) = 2*b + 4. Let s be r(p). Suppose 74 = 5*i + 4. What is the greatest common factor of i and s?
14
Let o = -8 + 13. Suppose o*f - 352 = f. Calculate the highest common factor of f and 11.
11
Let k(b) = -b**3 + 1 + 8*b**2 + 5*b - 3*b - 9*b**2. Let a be k(-3). Calculate the greatest common factor of 52 and a.
13
Let q = 155 - 108. Suppose 3*g = 4 + q. What is the highest common factor of 34 and g?
17
Suppose w - 9 = 4*w. Let f = -1 - w. Suppose -4*i - 5*o + 21 = 0, -f*i - 3*o + 2 = -7. What is the highest common divisor of i and 9?
9
Let z(i) = 2 - 169*i - 2 + 142*i. Let t be z(-1). What is the greatest common factor of t and 54?
27
Let y = -11 + 7. Let i(v) = -v**3 - 4*v**2 - 5. Let l be i(y). Let q be ((-165)/(-6))/l*-6. What is the highest common divisor of 22 and q?
11
Suppose 5*s - 20 = 0, -5*s + 8*s - 12 = 5*l. Suppose l = -2*a - 2*a + w + 216, 0 = -a + 4*w + 39. What is the greatest common factor of 11 and a?
11
Suppose -24 = -b - b + 4*s, s + 9 = 2*b. Suppose 171 = b*l - f, l + 3*f - 1 - 74 = 0. Calculate the highest common factor of l and 12.
12
Suppose 0 = -5*x + 20, 4*z + x = -4*x + 48. Let k = -8 - -1. Let a = k - -14. What is the greatest common divisor of z and a?
7
Suppose -50 = -11*b + b. What is the highest common divisor of 5 and b?
5
Let q(x) = x**3 + x + 7. Let z be q(0). Let k be 2/z + (-845)/(-7). Suppose 11*y + 25*y = 396. What is the greatest common divisor of k and y?
11
Let t(q) = q**3 + 5*q**2 - 6*q + 6. Let v be t(-6). Calculate the greatest common factor of v and 42.
6
Let u be 2 - 1*-1*62. What is the highest common factor of 16 and u?
16
Let b(v) = -v - 12. Let o be b(-10). Let s(i) = -i**3 - 2*i**2 - 3*i. Let z be s(o). Calculate the greatest common divisor of 6 and z.
6
Suppose 0 = -y + 3*y - 2, -4*j = -4*y + 4. Suppose 2*h + j*h - 78 = 0. Let i = 72 + -46. What is the highest common divisor of h and i?
13
Let c(x) = -x**2 + 26*x - 13. Let p be c(13). What is the greatest common divisor of p and 6?
6
Let m(c) = -3*c**2 + 2*c**2 - 2 + 3. Let t be m(-2). Let x be (8 - -1) + (-4 - t). What is the greatest common factor of 64 and x?
8
Let c be (-1)/(-5) - 4/(-5). Let j be ((-24)/(-15))/(c/5). What is the highest common factor of 20 and j?
4
Suppose 3*y + 5 = 5*d - 7, -d - 1 = -4*y. Calculate the highest common divisor of 33 and d.
3
Suppose a + 15 = w, w + 0*a = 3*a + 21. Calculate the highest common divisor of w and 60.
12
Suppose -2*w - 14 = -4*c, -4*w + 7*c = 3*c + 8. Suppose -w*t = -8*t. Suppose t = d + d - 14. Calculate the greatest common divisor of 14 and d.
7
Let h be (0 + -1)*(5 - 5). Suppose h = 5*z - 50 - 10. Suppose 0 = 2*j + j - z. Calculate the greatest common factor of j and 4.
4
Suppose -4*s - 4*c + 96 = 0, -14 - 1 = -5*c. Calculate the greatest common factor of s and 273.
21
Suppose 4*j - 3*j = 13. Suppose 0 = f - 0*f - 41. Let s = f - -11. Calculate the greatest common divisor of s and j.
13
Let w be 38*(-1 - (-15)/6 - 1). What is the greatest common factor of 152 and w?
19
Let s(b) = 13*b**2 + b + 1. Let d be s(2). Let x be (-70)/(-6) + 1*4/(-6). What is the greatest common divisor of x and d?
11
Suppose 2*y + 2*y = 28. Suppose 5*f - 6 = -1. What is the greatest common factor of y and f?
1
Suppose 18 = 3*z + 3. Suppose 2*b = z*b - 18. What is the greatest common factor of 6 and b?
6
Suppose -17*d = -292 - 337. Calculate the highest common factor of d and 407.
37
Suppose -3 = 2*i - 31. What is the greatest common divisor of 112 and i?
14
Let k be (20/(-7) - -2)*-7. Suppose -3*n + 12 = -18. Let c be (-4)/n + 304/10. What is the greatest common factor of c and k?
6
Suppose 0 = 3*r - 3*z, -7*r + 3*r + 12 = 2*z. Suppose -r*y - 2*y - 48 = 0. Let k = -4 - y. Calculate the greatest common factor of k and 88.
8
Let h = 17 - 13. Let p = 75 - 43. What is the highest common factor of p and h?
4
Let s be (-36)/8*(-2)/3. Suppose 57 = 2*a - w, 0*a - 3*w - 87 = -s*a. Suppose -2*o = 2*o - a. What is the greatest common factor of o and 56?
7
Let x be (-1 - 43)/(2/(-2)). Suppose 0 = 5*k - 10, -10 = -j - 6*k + 3*k. Calculate the highest common divisor of x and j.
4
Let o(i) = 2*i**3 - 8*i**2 + 8*i - 8. Let d be o(4). Calculate the greatest common divisor of d and 216.
24
Let f be (-10)/(-3) - 1/3. Let h be 56 + f + -2 + 0. Suppose -2*l + 4*d = 2*l - 168, -2*l + d = -80. Calculate the greatest common divisor of h and l.
19
Let x be 2/(-3)*18/(-2). Suppose -7*q = -3*q - 32. Suppose -5*h + 5*y = -65, -2 = -2*h - 2*y + q. Calculate the greatest common divisor of x and h.
3
Suppose 26*k + 48 = 28*k. What is the highest common factor of k and 168?
24
Let w(i) = i**3 - 14*i**2 + 13*i + 18. Let y be w(14). What is the greatest common factor of 25 and y?
25
Let v be (-4)/6 + 98/3. Suppose 13*t - 96 = 528. Calculate the greatest common divisor of v and t.